the remainder when 10 is divided by s(-6).
1
Let n(p) = -6*p**2 - p + 1. Let m be n(1). Let z = 8 + -2. Calculate the remainder when 0 - m - (-2 - 2) is divided by z.
4
What is the remainder when ((-3)/(-12))/(1/212) is divided by 14?
11
Let h(t) = -t**2 - 10*t - 12. Let d be h(-6). Suppose f + m - d = 0, -f + 0*m = -m - 8. What is the remainder when f is divided by 6?
4
Suppose 4*k = k - 6. Let b be (-198)/(-42) - k/7. Suppose 0 = 5*i + 2*w - 59, 1 = 3*w - b. What is the remainder when i is divided by 6?
5
What is the remainder when 42 is divided by 17 + -4 + (-4)/(-2)?
12
Suppose 2*a = a + 32. Let z = 8 - 5. Let n(t) = t**3 - 3*t**2 + 3*t + 2. What is the remainder when a is divided by n(z)?
10
Let f be 2/(4/(-6))*-1. Let c be (-4 - -33) + (1 - f). Calculate the remainder when 7 is divided by 68/18 + 6/c.
3
Suppose 4*t = 21 - 9. Suppose -4*r = 49 + 3. Let h = -6 - r. Calculate the remainder when h is divided by t.
1
Suppose a - 4*a = 0. Suppose a*j = -4*j + 8. Suppose -g - 3 = -j*g. Calculate the remainder when 4 is divided by g.
1
Let d(g) = 2*g**2 - 7*g - 11. Let p = 9 + 2. Calculate the remainder when d(6) is divided by p.
8
Let k = -31 + 62. What is the remainder when k is divided by 11?
9
Let n = -5 + 9. What is the remainder when n is divided by 2?
0
Let c be 3/(-1 + 78/81). Let k = -49 - c. Let s = 13 + -2. Calculate the remainder when k is divided by s.
10
Suppose -3*y = 49 + 8. Let a = -1 + y. What is the remainder when 10 is divided by (24/a)/(1/(-5))?
4
Let h = 3 - -1. Suppose -5*p + 55 = 20. What is the remainder when p is divided by h?
3
Suppose 8*p - 2 = 14. Suppose 4*c = 4*r - 40, 1 = c + 5. What is the remainder when r is divided by p?
0
Let z be (22 - -1)/(3/18). Suppose q = 4*q - z. What is the remainder when q is divided by 16?
14
Let n be (-20)/(-50) - 42/5. Let j(x) = x**3 + x**2 + x - 45. Let p be j(0). Let t = n - p. Calculate the remainder when t is divided by 13.
11
Let k(d) = 5*d + 3. Calculate the remainder when (-68)/(-3) - (-1)/3 is divided by k(2).
10
Let c = -64 - -81. What is the remainder when 50 is divided by c?
16
Suppose -s + 3*s - 320 = -5*n, -n = -2*s - 76. Suppose 0*r = 6*r - n. Calculate the remainder when 43 is divided by r.
10
Let k = -17 + 19. Let w(l) = -l**2 - 1. Let i(s) = 3*s + 1. Let r(q) = -i(q) - 3*w(q). What is the remainder when 30 is divided by r(k)?
6
Calculate the remainder when (-14)/6*(6 + -9) is divided by 4.
3
Let t(d) = -d**3 + 5*d**2 - 2*d - 3. Let z = -31 + 16. Calculate the remainder when 1/(-2) - z/2 is divided by t(4).
2
Let r(t) = 3*t**2 - 1. Suppose -2*u + 0*u - 26 = 0. Let f = -7 - u. What is the remainder when r(2) is divided by f?
5
Let o(p) = 6*p - 34. What is the remainder when o(14) is divided by 13?
11
Suppose -v = -0*v + 2. Suppose 7*l = -0*l + 427. Calculate the remainder when l is divided by 3/(v/(2 - 16)).
19
Let o be 5/(-3) + 1/(-3). Let l(w) = -7*w. Let s be l(o). Let a = 21 - s. Calculate the remainder when a is divided by 4.
3
Let k = 62 - 12. Let x(z) = 21*z - 151. Calculate the remainder when k is divided by x(8).
16
Let b(z) = -z - 12. Let w be b(-12). Let l = 8 - w. Calculate the remainder when 29 is divided by l.
5
Calculate the remainder when 17 is divided by (24/14)/((-28)/(-98)).
5
Suppose x + 18 = 4*x. Calculate the remainder when 12 is divided by x.
0
Suppose -109 - 236 = -5*p. Let u = p - 37. Suppose 5*i = -12 + 97. What is the remainder when u is divided by i?
15
Calculate the remainder when 41 is divided by (-15)/5 + 9 + 1 + -3.
1
Suppose -5*y = 2*u - 0*y - 39, -5*u + 5*y + 150 = 0. Calculate the remainder when 29 is divided by (144/u)/((-2)/(-6)).
13
Suppose 2*r + 188 = 6*r. Let v(o) = 82*o. Let k be v(1). Let p = k - r. What is the remainder when p is divided by 12?
11
Let v(l) = -l**3 - 8*l**2 + l - 19. What is the remainder when v(-9) is divided by 18?
17
Let n(t) = -t**3 - 3*t**2. Let q be n(-3). Let m(l) be the first derivative of -l**2/2 + 31*l + 16. What is the remainder when m(q) is divided by 11?
9
Let d(z) = -z**2 - 10*z - 6. Let g be d(-9). Suppose -3*h + 2*f = -1, h - 14 = -g*f + 1. What is the remainder when 4 is divided by h?
1
Suppose i - z - 2 = 0, i + 0*i + z - 12 = 0. What is the remainder when 21 is divided by i?
0
Let y be ((-1)/3)/(1/(-6)). Suppose y*z = 6*z. Suppose z = 5*d - 1 - 4. Calculate the remainder when d is divided by 1.
0
Suppose 0 = -3*m - 2*m - 20, 2*m - 128 = -2*p. What is the remainder when p is divided by 10?
8
Let h(w) = -w**2 + 4*w + 7. Let v = -7 + 10. Suppose 4 = v*b - 11. Calculate the remainder when b is divided by h(5).
1
Let a = 29 - 9. What is the remainder when 57 is divided by a?
17
Let n = 66 + -25. What is the remainder when n is divided by 21?
20
Let n(r) = 5*r**3 + 7*r**2 + 2*r + 7. Let d(f) = -10*f**3 - 13*f**2 - 4*f - 13. Let m(k) = 4*d(k) + 7*n(k). Calculate the remainder when m(-2) is divided by 15.
14
Suppose -5*f + 2 = -13. Suppose 2*p + 325 = -f*p. Let j = -46 - p. Calculate the remainder when 56 is divided by j.
18
What is the remainder when 51 is divided by 5/((-10)/(-42)) - 3?
15
Suppose 0 = -5*w + 5*h - 10, 4*h - 3*h = -5*w - 10. Let u(y) = y**3 + 18*y**2 - 19*y + 12. What is the remainder when 37 + (-2 - 2 - w) is divided by u(-19)?
11
Let c(z) = z**3 + 5*z - 4. Let b be c(3). Suppose -3*g + 95 = 2*s, 3*g - b = 4*s - 219. Calculate the remainder when s is divided by 16.
14
Suppose 3*k = 4*z - 56, 2*z + 5*k = -z + 71. Calculate the remainder when z is divided by 7.
3
Let j(q) = 4*q + 7. Suppose -2*m - 10 = -3*m. Calculate the remainder when j(8) is divided by m.
9
Let t be (-2)/(0 - -2) + 19. Suppose 0 = -s + 5 + t. Calculate the remainder when 68 is divided by s.
22
Let n be (-1)/4 + 61/4. Let v(z) = z**2 + z + 1. Let o be v(-3). Suppose -n = -2*a + o. Calculate the remainder when 21 is divided by a.
10
Let w(d) = -d**2 + 16*d + 25. What is the remainder when 70 is divided by w(16)?
20
Suppose 3*i - 4 = 26. Calculate the remainder when 28 is divided by i.
8
Let x(p) = -p**2 + p + 22. Calculate the remainder when 87 is divided by x(0).
21
Let p be ((-7)/(21/(-12)))/(-1). Let s = -4 - p. Suppose s*z = 2*z - 28. What is the remainder when 53 is divided by z?
11
Let a(f) = 2*f + 30. Calculate the remainder when a(14) is divided by 21 - (-1 + 1 + 1).
18
Suppose 5*v = 5*k - 46 - 34, -4*k = 2*v - 82. What is the remainder when k is divided by 7?
5
Let k = 3 + 0. Suppose k*u = 3 + 6. Suppose -a + u*a = 34. What is the remainder when a is divided by 9?
8
Suppose 3 = 3*c + 9. What is the remainder when 15 is divided by c*(-5)/((-15)/(-6))?
3
Suppose 0 = -5*z + n + 28 + 17, 2*n + 2 = -z. What is the remainder when 27 is divided by z?
3
Suppose 9*y = 193 + 122. What is the remainder when 133 is divided by y?
28
Let l(q) = 2*q**2 - 8*q + 16. What is the remainder when 79 is divided by l(4)?
15
What is the remainder when 23 is divided by -26 + 26 - (-5 - 1)?
5
Suppose -o = 3*o - 24. Suppose 5*y = -3 + 8. What is the remainder when y + (8 - (-2)/1) is divided by o?
5
Suppose -2*w + 7*w - 55 = 0. Suppose 0 = 5*n - 8*n - 6. What is the remainder when (6/9)/(n/(-96)) is divided by w?
10
Let i(v) = v**2 - 8*v - 11. Let t be (-1 - 1)*3/(-2). Suppose -t*l - 24 = -99. Calculate the remainder when l is divided by i(10).
7
Let g = -1 + 5. Suppose -5*w + 7 = 3*d - 19, -g*w + 5*d + 6 = 0. Let i(u) = 6*u + 5. Calculate the remainder when i(w) is divided by 8.
5
Suppose 0 = -16*x + 14*x + 40. What is the remainder when 59 is divided by x?
19
Let g(s) = 2*s - 1. Let w be g(-3). What is the remainder when 2 is divided by (w/(-14))/(1/2)?
0
Calculate the remainder when (-858)/(-10) - (-1)/5 is divided by 31.
24
Let m(w) = 24*w**2 + 2*w - 1. Let y = -7 - -5. Let s be (y/4)/((-4)/8). What is the remainder when m(s) is divided by 13?
12
Calculate the remainder when 69 is divided by (-16)/24 + 112/6.
15
Let c be (-4)/(-10) + 398/5. Suppose c = 4*p + 2*k, -p + 2*k = -4*p + 59. What is the remainder when p is divided by 11*-2*(11/22 + -1)?
10
Let a(m) = -m**3 - 6*m**2 - 2*m + 4. Suppose -2*p + 7 = 4*z + z, -4*z + 4 = 2*p. Suppose -h - z = 3. What is the remainder when a(h) is divided by 9?
7
Let i(o) = -o + 33. What is the remainder when 88 is divided by i(10)?
19
Let t be 10/(-4)*6/(-5). Let g = t - -11. Suppose -n